5
What is the remainder when 22479 is divided by 16?
15
Calculate the remainder when 6556 is divided by 3275.
6
What is the remainder when 29669 is divided by 157?
153
Calculate the remainder when 20289 is divided by 280.
129
Calculate the remainder when 10358781 is divided by 256.
253
What is the remainder when 2171 is divided by 199?
181
Calculate the remainder when 567090 is divided by 113416.
10
What is the remainder when 1290 is divided by 240?
90
What is the remainder when 54329 is divided by 18108?
5
Calculate the remainder when 310382 is divided by 921.
5
What is the remainder when 12287 is divided by 3070?
7
What is the remainder when 134566 is divided by 252?
250
Calculate the remainder when 4559505 is divided by 1159.
1158
What is the remainder when 19786 is divided by 136?
66
Calculate the remainder when 490807 is divided by 245369.
69
Calculate the remainder when 300301 is divided by 23096.
53
Calculate the remainder when 988 is divided by 330.
328
Calculate the remainder when 165106 is divided by 860.
846
Calculate the remainder when 14225 is divided by 3556.
1
Calculate the remainder when 22446 is divided by 381.
348
Calculate the remainder when 250347 is divided by 96.
75
Calculate the remainder when 107397 is divided by 51.
42
What is the remainder when 12957 is divided by 9?
6
What is the remainder when 467686 is divided by 93535?
11
What is the remainder when 32434 is divided by 345?
4
What is the remainder when 406317 is divided by 12?
9
Calculate the remainder when 5949 is divided by 820.
209
What is the remainder when 4207 is divided by 111?
100
What is the remainder when 5375 is divided by 1766?
77
Calculate the remainder when 5924 is divided by 97.
7
Calculate the remainder when 58950 is divided by 101.
67
Calculate the remainder when 1418 is divided by 178.
172
What is the remainder when 41690 is divided by 12?
2
Calculate the remainder when 11618 is divided by 454.
268
Calculate the remainder when 41158 is divided by 16.
6
Calculate the remainder when 8983 is divided by 104.
39
What is the remainder when 1244837 is divided by 749?
748
Calculate the remainder when 1152 is divided by 772.
380
Calculate the remainder when 148 is divided by 140.
8
What is the remainder when 139301 is divided by 3?
2
Calculate the remainder when 31764 is divided by 19.
15
Calculate the remainder when 1378 is divided by 675.
28
What is the remainder when 1278 is divided by 278?
166
What is the remainder when 34229 is divided by 55?
19
What is the remainder when 74333 is divided by 1062?
1055
Calculate the remainder when 723958 is divided by 180.
178
What is the remainder when 14666 is divided by 90?
86
What is the remainder when 4251 is divided by 4186?
65
What is the remainder when 12995 is divided by 724?
687
What is the remainder when 388686 is divided by 581?
578
What is the remainder when 226993 is divided by 111?
109
What is the remainder when 96075 is divided by 314?
305
What is the remainder when 79320 is divided by 39659?
2
Calculate the remainder when 6685 is divided by 669.
664
Calculate the remainder when 20419 is divided by 102.
19
Calculate the remainder when 39593 is divided by 682.
37
What is the remainder when 75886 is divided by 51?
49
Calculate the remainder when 361745 is divided by 45.
35
Calculate the remainder when 99288 is divided by 116.
108
What is the remainder when 80099 is divided by 18?
17
Calculate the remainder when 19790 is divided by 180.
170
What is the remainder when 18690 is divided by 14?
0
Calculate the remainder when 263661 is divided by 35.
6
Calculate the remainder when 52201 is divided by 1919.
388
What is the remainder when 5418 is divided by 545?
513
What is the remainder when 7245 is divided by 402?
9
What is the remainder when 110306 is divided by 84?
14
What is the remainder when 2778 is divided by 462?
6
Calculate the remainder when 38157 is divided by 38128.
29
What is the remainder when 224590 is divided by 1035?
1030
What is the remainder when 54904 is divided by 18298?
10
Calculate the remainder when 33640 is divided by 94.
82
What is the remainder when 55320 is divided by 139?
137
Calculate the remainder when 77659 is divided by 19410.
19
What is the remainder when 60927 is divided by 42?
27
Calculate the remainder when 68851 is divided by 26.
3
What is the remainder when 57838 is divided by 10?
8
What is the remainder when 6927 is divided by 330?
327
Calculate the remainder when 7505 is divided by 7043.
462
Calculate the remainder when 1216740 is divided by 152092.
4
What is the remainder when 6882 is divided by 423?
114
Calculate the remainder when 1164 is divided by 396.
372
What is the remainder when 2904 is divided by 51?
48
What is the remainder when 21117 is divided by 236?
113
Calculate the remainder when 6912 is divided by 532.
528
What is the remainder when 6438 is divided by 1?
0
Calculate the remainder when 616767 is divided by 102794.
3
Calculate the remainder when 1039 is divided by 168.
31
What is the remainder when 5872 is divided by 54?
40
What is the remainder when 2655 is divided by 1317?
21
Calculate the remainder when 115186 is divided by 77.
71
Calculate the remainder when 2301 is divided by 25.
1
Calculate the remainder when 4599 is divided by 38.
1
What is the remainder when 198767 is divided by 164?
163
What is the remainder when 4024 is divided by 391?
114
What is the remainder when 3069 is divided by 3067?
2
What is the remainder when 17005 is divided by 50?
5
Calculate the remainder when 1273 is divided by 102.
49
What is the remainder when 51601 is divided by 4?
1
What is the remainder when 12740 is divided by 46?
44
What is the remainder when 107663 is divided by 26?
23
What is the remainder when 17049 is divided by 5640?
129
What is the remainder when 279806 is divided by 46633?
8
Calculate the remainder when 29093 is divided by 1003.
6
What is the remainder when 11286 is divided by 41?
11
What is the remainder when 4323 is divided by 87?
60
What is the remainder when 43639 is divided by 520?
479
What is the remainder when 7673 is divided by 231?
50
What is the remainder when 4551 is divided by 229?
200
Calculate the remainder when 199579 is divided by 63.
58
Calculate the remainder when 140880 is divided by 651.
264
Calculate the remainder when 18714 is divided by 18702.
12
Calculate the remainder when 4949 is divided by 130.
9
Calculate the remainder when 8195 is divided by 248.
11
Calculate the remainder when 12013 is divided by 1932.
421
What is the remainder when 232 is divided by 217?
15
What is the remainder when 972490 is divided by 6?
4
What is the remainder when 26572 is divided by 9?
4
Calculate the remainder when 20296 is divided by 79.
72
Calculate the remainder when 20794 is divided by 293.
284
What is the remainder when 4511 is divided by 758?
721
Calculate the remainder when 2651 is divided by 831.
158
What is the remainder when 10922 is divided by 5456?
10
Calculate the remainder when 28952 is divided by 40.
32
Calculate the remainder when 15533 is divided by 5021.
470
What is the remainder when 891 is divided by 91?
72
What is the remainder when 14326 is divided by 281?
276
Calculate the remainder when 2790 is divided by 428.
222
What is the remainder when 46660 is divided by 76?
72
Calculate the remainder when 3159 is divided by 152.
119
What is the remainder when 4352 is divided by 727?
717
Calculate the remainder when 20313 is divided by 20309.
4
Calculate the remainder when 614710 is divided by 1049.
1045
Calculate the remainder when 628113 is divided by 467.
465
Calculate the remainder when 22150 is divided by 32.
6
Calculate the remainder when 19978 is divided by 605.
13
What is the remainder when 40161 is divided by 484?
473
Calculate the remainder when 1437818 is divided by 370.
368
What is the remainder when 2205 is divided by 722?
39
Calculate the remainder when 6984 is divided by 3489.
6
Calculate the remainder when 12254 is divided by 2429.
109
What is the remainder when 67481 is divided by 447?
431
Calculate the remainder when 3422309 is divided by 41.
39
What is the remainder when 365811 is divided by 2055?
21
Calculate the remainder when 4374 is divided by 4361.
13
Calculate the remainder when 72252 is divided by 793.
8